Calculate the remainder when 658 is divided by 36.
10
What is the remainder when 520 is divided by 246?
28
Calculate the remainder when 26 is divided by 22.
4
What is the remainder when 615 is divided by 11?
10
What is the remainder when 95 is divided by 29?
8
Calculate the remainder when 30 is divided by 20.
10
Calculate the remainder when 672 is divided by 9.
6
Calculate the remainder when 119 is divided by 51.
17
What is the remainder when 1900 is divided by 473?
8
What is the remainder when 72 is divided by 25?
22
Calculate the remainder when 373 is divided by 51.
16
What is the remainder when 69 is divided by 11?
3
Calculate the remainder when 224 is divided by 23.
17
Calculate the remainder when 1521 is divided by 6.
3
What is the remainder when 781 is divided by 253?
22
What is the remainder when 179 is divided by 9?
8
Calculate the remainder when 290 is divided by 120.
50
What is the remainder when 1156 is divided by 166?
160
What is the remainder when 56396 is divided by 16?
12
Calculate the remainder when 42 is divided by 15.
12
What is the remainder when 168 is divided by 10?
8
Calculate the remainder when 4745 is divided by 226.
225
What is the remainder when 6857 is divided by 127?
126
What is the remainder when 207 is divided by 146?
61
What is the remainder when 3147 is divided by 18?
15
What is the remainder when 183 is divided by 6?
3
Calculate the remainder when 230 is divided by 8.
6
Calculate the remainder when 337 is divided by 172.
165
What is the remainder when 302 is divided by 149?
4
Calculate the remainder when 3519 is divided by 77.
54
What is the remainder when 101 is divided by 97?
4
What is the remainder when 2154 is divided by 58?
8
What is the remainder when 625 is divided by 16?
1
What is the remainder when 583 is divided by 9?
7
What is the remainder when 615 is divided by 30?
15
Calculate the remainder when 51 is divided by 13.
12
What is the remainder when 14915 is divided by 12?
11
What is the remainder when 22 is divided by 6?
4
Calculate the remainder when 185 is divided by 31.
30
What is the remainder when 144 is divided by 41?
21
What is the remainder when 50 is divided by 30?
20
What is the remainder when 195 is divided by 64?
3
What is the remainder when 2045 is divided by 426?
341
Calculate the remainder when 2543 is divided by 67.
64
What is the remainder when 1195 is divided by 76?
55
Calculate the remainder when 7522 is divided by 171.
169
Calculate the remainder when 657 is divided by 20.
17
Calculate the remainder when 10973 is divided by 93.
92
Calculate the remainder when 2154 is divided by 83.
79
What is the remainder when 527 is divided by 33?
32
Calculate the remainder when 177 is divided by 19.
6
What is the remainder when 1941 is divided by 321?
15
Calculate the remainder when 455 is divided by 58.
49
Calculate the remainder when 109 is divided by 27.
1
Calculate the remainder when 369 is divided by 25.
19
What is the remainder when 727 is divided by 10?
7
Calculate the remainder when 594 is divided by 26.
22
What is the remainder when 4138 is divided by 148?
142
What is the remainder when 37 is divided by 20?
17
Calculate the remainder when 2414 is divided by 78.
74
What is the remainder when 239 is divided by 83?
73
Calculate the remainder when 55 is divided by 31.
24
What is the remainder when 56 is divided by 7?
0
Calculate the remainder when 89 is divided by 25.
14
Calculate the remainder when 1513 is divided by 754.
5
Calculate the remainder when 3273 is divided by 18.
15
What is the remainder when 19 is divided by 18?
1
Calculate the remainder when 123 is divided by 42.
39
What is the remainder when 50 is divided by 26?
24
Calculate the remainder when 687 is divided by 5.
2
What is the remainder when 655 is divided by 107?
13
Calculate the remainder when 1813 is divided by 52.
45
What is the remainder when 357 is divided by 92?
81
Calculate the remainder when 24179 is divided by 124.
123
Calculate the remainder when 509 is divided by 161.
26
What is the remainder when 155 is divided by 43?
26
Calculate the remainder when 1030 is divided by 227.
122
Calculate the remainder when 1920 is divided by 161.
149
What is the remainder when 391 is divided by 49?
48
Calculate the remainder when 5902 is divided by 6.
4
Calculate the remainder when 1071 is divided by 37.
35
What is the remainder when 787 is divided by 161?
143
What is the remainder when 7037 is divided by 69?
68
Calculate the remainder when 113 is divided by 25.
13
Calculate the remainder when 5210 is divided by 66.
62
Calculate the remainder when 1883 is divided by 220.
123
What is the remainder when 157 is divided by 58?
41
What is the remainder when 1703 is divided by 90?
83
What is the remainder when 148 is divided by 19?
15
Calculate the remainder when 138 is divided by 3.
0
Calculate the remainder when 475 is divided by 124.
103
What is the remainder when 480 is divided by 80?
0
What is the remainder when 1343 is divided by 5?
3
What is the remainder when 1272 is divided by 15?
12
What is the remainder when 61 is divided by 16?
13
What is the remainder when 493 is divided by 191?
111
What is the remainder when 8927 is divided by 2?
1
What is the remainder when 140 is divided by 27?
5
Calculate the remainder when 608 is divided by 87.
86
Calculate the remainder when 84 is divided by 18.
12
Calculate the remainder when 335 is divided by 167.
1
What is the remainder when 53 is divided by 31?
22
What is the remainder when 23404 is divided by 141?
139
What is the remainder when 310 is divided by 43?
9
Calculate the remainder when 10027 is divided by 209.
204
What is the remainder when 351 is divided by 22?
21
What is the remainder when 339 is divided by 44?
31
Calculate the remainder when 1538 is divided by 20.
18
What is the remainder when 627 is divided by 157?
156
Calculate the remainder when 374 is divided by 167.
40
Calculate the remainder when 9903 is divided by 5.
3
What is the remainder when 2505 is divided by 105?
90
Calculate the remainder when 94 is divided by 12.
10
What is the remainder when 20 is divided by 9?
2
Calculate the remainder when 171 is divided by 33.
6
Calculate the remainder when 2678 is divided by 111.
14
What is the remainder when 24 is divided by 12?
0
What is the remainder when 803 is divided by 395?
13
Calculate the remainder when 1013 is divided by 485.
43
What is the remainder when 1103 is divided by 156?
11
What is the remainder when 61 is divided by 39?
22
What is the remainder when 35 is divided by 11?
2
Calculate the remainder when 31 is divided by 22.
9
What is the remainder when 102 is divided by 13?
11
Calculate the remainder when 21 is divided by 6.
3
Calculate the remainder when 1203 is divided by 18.
15
Calculate the remainder when 8477 is divided by 60.
17
Calculate the remainder when 514 is divided by 188.
138
What is the remainder when 4111 is divided by 12?
7
Calculate the remainder when 32 is divided by 23.
9
What is the remainder when 1121 is divided by 34?
33
Calculate the remainder when 204 is divided by 66.
6
Calculate the remainder when 397 is divided by 45.
37
Calculate the remainder when 212 is divided by 11.
3
Calculate the remainder when 148 is divided by 147.
1
What is the remainder when 812 is divided by 328?
156
What is the remainder when 6966 is divided by 69?
66
Calculate the remainder when 131 is divided by 11.
10
What is the remainder when 19 is divided by 9?
1
Calculate the remainder when 55 is divided by 14.
13
What is the remainder when 449 is divided by 24?
17
Calculate the remainder when 36 is divided by 21.
15
Calculate the remainder when 55 is divided by 29.
26
What is the remainder when 84 is divided by 35?
14
Calculate the remainder when 251 is divided by 103.
45
Calculate the remainder when 17198 is divided by 282.
278
What is the remainder when 409 is divided by 37?
2
Calculate the remainder when 18151 is divided by 29.
26
What is the remainder when 227 is divided by 79?
69
Calculate the remainder when 137 is divided by 28.
25
What is the remainder when 87 is divided by 30?
27
What is the remainder when 1906 is divided by 18?
16
What is the remainder when 129 is divided by 19?
15
Calculate the remainder when 1017 is divided by 68.
65
Calculate the